s the tens digit of 738833?
3
What is the units digit of 903816?
6
What is the hundreds digit of 343558?
5
What is the units digit of 6850279?
9
What is the tens digit of 444762?
6
What is the hundreds digit of 1816685?
6
What is the ten thousands digit of 2839947?
3
What is the hundred thousands digit of 1106480?
1
What is the ten thousands digit of 116010?
1
What is the hundreds digit of 487887?
8
What is the thousands digit of 705860?
5
What is the ten thousands digit of 5314677?
1
What is the hundreds digit of 41013912?
9
What is the hundred thousands digit of 358545?
3
What is the units digit of 4327504?
4
What is the units digit of 693496?
6
What is the ten thousands digit of 14867764?
6
What is the tens digit of 14599912?
1
What is the thousands digit of 24558291?
8
What is the hundred thousands digit of 346763?
3
What is the thousands digit of 2049955?
9
What is the ten millions digit of 17379806?
1
What is the tens digit of 71882?
8
What is the hundreds digit of 481383?
3
What is the hundred thousands digit of 178100?
1
What is the thousands digit of 54702?
4
What is the tens digit of 33524?
2
What is the thousands digit of 119273?
9
What is the ten thousands digit of 3436657?
3
What is the tens digit of 4009869?
6
What is the units digit of 670000?
0
What is the thousands digit of 11554?
1
What is the ten millions digit of 21192967?
2
What is the ten millions digit of 13480770?
1
What is the ten thousands digit of 10798412?
9
What is the units digit of 52045?
5
What is the millions digit of 6814651?
6
What is the millions digit of 2708651?
2
What is the ten thousands digit of 310162?
1
What is the hundreds digit of 218562?
5
What is the units digit of 11069214?
4
What is the hundred thousands digit of 532392?
5
What is the hundred thousands digit of 654368?
6
What is the ten thousands digit of 2135819?
3
What is the units digit of 635174?
4
What is the units digit of 810204?
4
What is the hundred thousands digit of 549621?
5
What is the millions digit of 43566715?
3
What is the hundreds digit of 759463?
4
What is the millions digit of 1562451?
1
What is the hundred thousands digit of 518909?
5
What is the hundreds digit of 5208351?
3
What is the hundred thousands digit of 433981?
4
What is the ten thousands digit of 175518?
7
What is the millions digit of 2454026?
2
What is the thousands digit of 21785070?
5
What is the ten thousands digit of 1020385?
2
What is the tens digit of 312961?
6
What is the tens digit of 339237?
3
What is the hundred thousands digit of 216492?
2
What is the units digit of 657176?
6
What is the hundred thousands digit of 2057594?
0
What is the units digit of 192171?
1
What is the tens digit of 794631?
3
What is the millions digit of 9641523?
9
What is the ten thousands digit of 407764?
0
What is the ten thousands digit of 297965?
9
What is the thousands digit of 1130274?
0
What is the ten thousands digit of 651748?
5
What is the units digit of 838465?
5
What is the hundreds digit of 2232103?
1
What is the tens digit of 4938018?
1
What is the thousands digit of 9927800?
7
What is the hundreds digit of 162821?
8
What is the tens digit of 1553667?
6
What is the thousands digit of 878004?
8
What is the tens digit of 203937?
3
What is the millions digit of 1623296?
1
What is the thousands digit of 575191?
5
What is the units digit of 17009?
9
What is the tens digit of 1652322?
2
What is the ten thousands digit of 642179?
4
What is the thousands digit of 134597?
4
What is the tens digit of 2744873?
7
What is the ten thousands digit of 267451?
6
What is the millions digit of 5420516?
5
What is the thousands digit of 3569231?
9
What is the millions digit of 6882082?
6
What is the units digit of 7914385?
5
What is the hundreds digit of 732451?
4
What is the thousands digit of 284202?
4
What is the hundred thousands digit of 4416411?
4
What is the ten millions digit of 32294306?
3
What is the ten thousands digit of 114781?
1
What is the millions digit of 14666755?
4
What is the ten millions digit of 14708661?
1
What is the tens digit of 23922079?
7
What is the thousands digit of 84302?
4
What is the hundred thousands digit of 450356?
4
What is the tens digit of 2028419?
1
What is the ten thousands digit of 378066?
7
What is the tens digit of 851385?
8
What is the hundred thousands digit of 229020?
2
What is the units digit of 10703233?
3
What is the hundreds digit of 409?
4
What is the hundred thousands digit of 953315?
9
What is the units digit of 992072?
2
What is the ten thousands digit of 3839504?
3
What is the tens digit of 1513039?
3
What is the hundred thousands digit of 302217?
3
What is the thousands digit of 688826?
8
What is the units digit of 1191098?
8
What is the ten thousands digit of 752700?
5
What is the thousands digit of 4209598?
9
What is the units digit of 363655?
5
What is the units digit of 2897872?
2
What is the hundreds digit of 219534?
5
What is the tens digit of 7736126?
2
What is the tens digit of 1176349?
4
What is the hundred thousands digit of 3596678?
5
What is the thousands digit of 237251?
7
What is the units digit of 280080?
0
What is the thousands digit of 33834?
3
What is the millions digit of 4064069?
4
What is the units digit of 2448462?
2
What is the thousands digit of 347251?
7
What is the units digit of 2989208?
8
What is the ten thousands digit of 2181291?
8
What is the tens digit of 3070840?
4
What is the hundred thousands digit of 238827?
2
What is the hundreds digit of 506924?
9
What is the ten millions digit of 16664215?
1
What is the tens digit of 3291065?
6
What is the ten thousands digit of 67116?
6
What is the units digit of 531633?
3
What is the tens digit of 5575196?
9
What is the hundreds digit of 369328?
3
What is the thousands digit of 3408962?
8
What is the ten thousands digit of 180242?
8
What is the hundred thousands digit of 13402735?
4
What is the thousands digit of 61720?
1
What is the millions digit of 7024989?
7
What is the hundreds digit of 1058632?
6
What is the units digit of 95184?
4
What is the hundreds digit of 21946775?
7
What is the tens digit of 285783?
8
What is the millions digit of 6526032?
6
What is the tens digit of 159805?
0
What is the units digit of 166667?
7
What is the millions digit of 3710731?
3
What is the hundreds digit of 673022?
0
What is the units digit of 556593?
3
What is the thousands digit of 672888?
2
What is the tens digit of 2650454?
5
What is the ten thousands digit of 15264966?
6
What is the millions digit of 2071933?
2
What is the units digit of 433770?
0
What is the millions digit of 7277295?
7
What is the ten thousands digit of 537635?
3
What is the ten thousands digit of 1171897?
7
What is the units digit of 2637223?
3
What is the ten thousands digit of 1272079?
7
What is the hundreds digit of 2054963?
9
What is the ten thousands digit of 1358245?
5
What is the hundred thousands digit of 518331?
5
What is the hundred thousands digit of 546877?
5
What is the tens digit of 230978?
7
What is the units digit of 2638270?
0
What is the hundreds digit of 585039?
0
What is the hundreds digit of 140377?
3
What is the thousands digit of 1382103?
2
What is the hundreds digit of 3040172?
1
What is the hundred thousands digit of 1440723?
4
What is the millions digit of 6093965?
6
What is the thousands digit of 69854?
9
What is the hundred thousands digit of 9497779?
4
What is the millions digit of 1309113?
1
What is the ten thousands digit of 31491?
3
What is the hundreds digit of 1525563?
5
What is the tens digit of 6691174?
7
What is the thousands digit of 69073?
9
What is the units digit of 2660180?
0
What is the tens digit of 1466158?
5
What is the tens digit of 8701?
0
What is the thousands digit of 411465?
1
What is the tens digit of 2120244?
4
What is the thousands digit of 252152?
2
What is the tens digit of 4525090?
9
What is the thousands digit of 643004?
3
What is the hundreds digit of 90463?
4
What is the hundreds digit of 346517?
5
What is the thousands digit of 6560671?
0
What is the millions digit of 1804284?
1
What is the tens digit of 59491?
9
What is the millions digit of 12914908?
2
What is the tens digit of 5646797?
9
What is the ten millions digit of 14246273?
1
What is the hundred thousands digit of 659